(-8). Suppose p*v + 20 - 36 = 0. Suppose -5*o - 251 = -v*u + 25, -5*u = 2*o - 378. What is the units digit of u?
4
Suppose 3*x - 2*l = -5261, 6*x - 4*x + 3506 = l. Let s = -1165 - x. What is the tens digit of s?
8
Suppose 4*i + 4*p - 37505 = 21955, 4*i + p = 59457. What is the units digit of i?
4
Let f(h) = -140*h**3 - 9*h**2 + 55*h + 3. What is the units digit of f(-5)?
3
Suppose -s + 7062 = o, -22356 = -3*s + o - 1190. What is the thousands digit of s?
7
Suppose 7*g - 2*g + 1081 - 5816 = 0. What is the tens digit of g?
4
Let d(k) = 114*k**2 - 139*k + 872. What is the thousands digit of d(6)?
4
Suppose 2169*m - 2176*m = -52976. What is the units digit of m?
8
Suppose -121 - 33 = -2*m. Let u be (-11)/(((-1)/2)/(m/(-14))). What is the tens digit of 1*(-3 - u*2)?
3
Let f(y) = -y**3 - 22*y**2 - 102*y - 444. What is the hundreds digit of f(-44)?
6
Suppose -3*n = 4*l - 0*l - 26, 15 = 3*l. Suppose -2*i = n*i - 32. Suppose -i*m + 27 = -5*m. What is the units digit of m?
9
Suppose -327 = -4*g - 63. What is the hundreds digit of (1192/16 + -2)*g/15?
3
Let i(t) = 5*t**3 - 2*t**2 - 27*t - 48. What is the ten thousands digit of i(17)?
2
Let x be -3*10212/(-9) + 1*-2. Suppose 16*p + 5*p - x = 0. What is the hundreds digit of p?
1
Suppose 10*z - 11*z + 17793 = -f, -4*z + 5*f + 71175 = 0. What is the hundreds digit of z?
7
Suppose -2*x - 34 = -2*k, -x + 2*k - 25 = -9. Let p be ((-24)/9)/(12/x). Suppose -3*y - y + p*d + 492 = 0, 5*y = d + 611. What is the units digit of y?
2
Let r = -93 + 93. Suppose r = 5*l - l - 1136. Suppose -12 + l = 16*u. What is the tens digit of u?
1
Suppose -2*u + 172 = 3*c - 3*u, -c - 4*u + 66 = 0. Suppose c*r - 54*r - 1896 = 0. What is the tens digit of r?
7
Let r(w) = w**2 - w. Let l(h) = 3*h**2 + 16*h - 41. Let j(t) = l(t) + 2*r(t). What is the tens digit of j(4)?
9
Suppose -a + 205 = 2*x, 3*a - 12*x - 670 = -7*x. What is the units digit of a/((-1 - 0)/(42 + -43))?
5
Let h(j) = 17*j - 3. Let b be h(4). Let d = b - -27. Suppose -3*m + d = g, 2*m - 52 = g + 3*g. What is the units digit of m?
0
What is the thousands digit of (59 - 54)*(8893/2)/(35/14)?
8
Suppose 24*m - 22375 = 49*m. Let a = 2095 + m. What is the tens digit of a?
0
Suppose 0 = -0*o + 7*o - 56. What is the tens digit of ((-196536)/16)/19*o/(-3)?
2
Let k = 36 - 26. Suppose x = k*x - 1737. What is the units digit of x?
3
Let q = 29052 + -18031. What is the units digit of q?
1
Let h = -21949 - -56163. What is the thousands digit of h?
4
Let v(i) = 10*i**2 + 167*i - 146. What is the units digit of v(-49)?
1
What is the units digit of (-7)/(-420)*-18 + 65253/10?
5
Let u(d) = d + 8. Let l be u(5). Suppose 0 = -2*z + 4*x - 30, -5*z + 2*x - 48 = -l. Let w(j) = -j**3 + j**2 - 5*j - 17. What is the hundreds digit of w(z)?
1
Let w(r) = 660*r - 1949. What is the hundreds digit of w(10)?
6
Let j = 313 - 238. Suppose -3*g - j = -393. What is the tens digit of g?
0
Let m(h) = 7*h**2 - 51*h - 87. What is the thousands digit of m(-13)?
1
Let l = -245 + 155. Let w = l - -86. Let p = w + 47. What is the tens digit of p?
4
Let o = 22063 + -12516. What is the units digit of o?
7
Let c(k) = 468*k**3 + 5*k**2 - 11*k. What is the tens digit of c(3)?
4
Let u(g) = 5*g**2 - 15*g + 1107. What is the ten thousands digit of u(62)?
1
Suppose 4*w - 104 = 2*w. Suppose 0 = 86*c - 81*c - 415. Suppose b - w = c. What is the tens digit of b?
3
Suppose -5*r - 51492 = -2*g - 12722, -38766 = -2*g + 4*r. What is the units digit of g?
5
Let s = -4795 - -27595. What is the units digit of s?
0
Let h = 3435 + 1636. What is the units digit of h?
1
Let r(y) = 373*y**2 + 17*y + 136. What is the thousands digit of r(-4)?
6
Let l(a) = 6*a**3 + 6*a**2 + 15*a + 49. What is the thousands digit of l(12)?
1
Suppose -116 = -5*t + 74. Suppose -5*n - t = -7*n. Suppose 3*x - 17 = n. What is the units digit of x?
2
Let x = 6795 + -335. What is the tens digit of x?
6
Suppose 0 = -2*j + 4, -j = 5*h + j - 54. Suppose h*n + 42 + 308 = 0. Let o = 153 + n. What is the hundreds digit of o?
1
Let q be (-37)/(-4) + (-35)/28. Suppose -3518 = -q*h + 178. What is the units digit of h?
2
Let i(o) = -o**3 + 9*o**2 - 6*o - 9. Let n(q) be the second derivative of q**4/12 - q**3/3 + 3*q**2 - 16*q. Let u be n(0). What is the units digit of i(u)?
3
Let s(j) = j + 10. Let k be s(-7). Suppose k*d + 5*r = 28, -5*d + 40 = 3*r + 2*r. Suppose d*o - 205 = 11. What is the units digit of o?
6
Suppose 22*d + 770930 + 169905 = 57*d. What is the units digit of d?
1
Let t = 247 - 242. Suppose -5*v - 73 = t*u - 308, -4*u + v + 163 = 0. What is the units digit of u?
2
Let d(t) be the third derivative of 7*t**4/8 + 29*t**3/2 - t**2 + 1. What is the tens digit of d(10)?
9
Suppose -1149571 = -372*p + 3851495 + 4008030. What is the tens digit of p?
1
Suppose -14*o = -28995 + 6441. Suppose -11*x + 7*x + 5*y = -1283, -y = 5*x - o. What is the tens digit of x?
2
Let z = -36 - -35. Let c(t) = t + 4. Let j be c(z). Suppose 3*p - 524 = -5*i, -2*p + 308 = j*i + 3*p. What is the hundreds digit of i?
1
Suppose 422966 = 65*s - 187846 - 663773. What is the hundreds digit of s?
6
Suppose 0 = r - 5*i + 21 + 7, 3*r - 5*i + 44 = 0. Let n = 675 + r. What is the hundreds digit of n?
6
Let a = 9157 + 594. What is the hundreds digit of a?
7
Let h(s) = s**2 + 27*s - 10. Let o be h(-13). What is the units digit of (-3392)/o + 5/(-3)?
6
Suppose 0 = 26*u + h - 1334042, -4*h - 256513 = -13*u + 8*u. What is the units digit of u?
9
Let l = 52 - -33. Let w = -99 + l. What is the hundreds digit of 6/42 + (-1482)/w?
1
Let g(y) = 18*y - 59. Let f(j) = 44*j - 148. Let p(d) = 5*f(d) - 12*g(d). Let u(l) = 2*l**2 - 2*l + 4. Let t be u(3). What is the units digit of p(t)?
2
Suppose -v = 3*a - 91, v - 68 - 55 = -4*a. Suppose -624 = a*f - 34*f. What is the units digit of f?
2
Let s = 16554 + -5716. What is the ten thousands digit of s?
1
Let w(d) = -d**3 + 75*d**2 - 237*d - 189. What is the hundreds digit of w(70)?
7
Let p(f) = 14*f**2 - 6*f - 13. Let m be p(4). Suppose 2*r - 27 = -3*d + 52, 5*r + 4*d - m = 0. Suppose -r - 10 = -3*t. What is the tens digit of t?
1
Suppose 77*d = 109*d - 1397201 + 140529. What is the tens digit of d?
7
Let d(r) = -r**3 - 6*r**2 + 16*r - 7. Let k be d(-8). Let q(j) = -2*j**3 - 8*j**2 - 13*j - 33. What is the units digit of q(k)?
2
Let s be (4 - (3 - -2)) + 27 + 0. Suppose -21*k = -s*k - 255. What is the units digit of k/3*(-14)/1?
8
Let u = 122 - 130. Let g be 2*1 + u*2/(-16). Suppose 777 = g*t - 3*y, 3*y - y + 1038 = 4*t. What is the units digit of t?
0
Suppose 68*g - 191808 = 31*g. What is the thousands digit of g?
5
Suppose 5*m - 105 = -2*t, 4*m - 5*t + 3*t - 102 = 0. Suppose 34*n - m*n - 198 = 0. What is the tens digit of n?
1
Let s(p) = -2*p + 16. Let f be (0 + -1)*14*1/(-2). Let x be s(f). Suppose x*g - 55 - 165 = 0. What is the hundreds digit of g?
1
Suppose -471 = -8*q + 5*q. Let y = -43 + q. What is the tens digit of y?
1
Let a(g) = g**2 + 16*g + 66. Let d be 21/(35/(-42) + (-6)/9). What is the units digit of a(d)?
8
Let n = -59 - -600. Let v = n - 317. Suppose v = 4*f + 3*f. What is the tens digit of f?
3
Let p(v) = 1177*v**2 - 79*v - 211. What is the hundreds digit of p(-3)?
6
Suppose -5*v + b - 111 = 0, -69 = 3*v - 2*b - 1. Let l = 26 + v. Suppose -l*k + 521 = a, 2*a + 388 = -0*k + 3*k. What is the hundreds digit of k?
1
Let t = 43 - 41. Let i be 4 + (-6)/2 - (-1 - t). Suppose -4*q - 2*x = -4*x - 550, i*x = -3*q + 418. What is the hundreds digit of q?
1
Suppose -2*j + 52 = 2*p - j, 5*p - 116 = j. Suppose 264 = i + 2*c, 23*i - p*i + 4*c = -258. What is the tens digit of i?
6
Let g be (-186108)/(36/6)*-1. Suppose 22*x - g + 3232 = 0. What is the thousands digit of x?
1
Suppose -r = 2*w - 17555 - 9038, -4*w + 5*r = -53151. What is the thousands digit of w?
3
Suppose 4*b + 1177 = 3*d, -5*b + 822 = 3*d - 346. Let w(m) = -10*m**3 + 3*m**2 + 4*m. Let r be w(3). Let f = d + r. What is the hundreds digit of f?
1
Suppose -q - 4*r = 16042, -4*r = 2*q + 8249 + 23831. What is the tens digit of 1 + (-4)/5 - q/135?
1
Suppose -43*a = -0*a + 24*a - 420358. What is the units digit of a?
4
Suppose -4*a - j + 1017 + 171 = 0, 3*a - 884 = j. Suppose -3*z - 9*c - 643 = -14*c, 0 = 3*z - c + 623. Let b = z + a. What is the units digit of b?
0
Suppose 5*v - 3*w = 2*w + 30, -2*v 